?
3
Let i = 4222 + -2516. Suppose 18*z - 1840 - i = 0. What is the tens digit of z?
9
Suppose 27873 = -3*q + 182094. What is the tens digit of q?
0
Let u(o) = -2 - 8 - 9*o**2 + 10*o**2 + 1. Let p be u(-4). Suppose 3*d = p*d - 148. What is the tens digit of d?
3
Suppose 4*l + 2*u - 76 = 94, 4*l - 4*u - 200 = 0. Let p be -2 - (0 + (23 - -1)). Let v = p + l. What is the tens digit of v?
1
Let y(i) be the second derivative of -29*i**6/240 + i**5/120 + 17*i**4/12 - 17*i. Let z(w) be the third derivative of y(w). What is the units digit of z(-1)?
8
Let o be ((-3)/(-9))/((-1)/(-57)). Suppose -o*m + 23*m - 192 = 0. Suppose 24*y = 25*y - m. What is the tens digit of y?
4
Suppose -25 = -3*k + 2*k + 5*t, 5*k - 2*t - 33 = 0. Suppose -4*b + k*y + 502 = 0, -3*b + 347 + 39 = y. What is the tens digit of b?
2
What is the hundreds digit of 8230/(-18)*-67 + 47/423?
6
Suppose o = 1823 + 1271 + 5764. What is the hundreds digit of o?
8
Let t = -424 - -494. What is the units digit of 3 + 648/14 + (-20)/t?
9
Suppose -5*q + 75493 = 2*t, 3*t - 118621 = 3*q - 5350. What is the units digit of t?
4
Let p = 9 - 30. Let c be (-2532)/(-42) + 6/p. Suppose 2*x - f + c = 3*x, -156 = -3*x + 3*f. What is the tens digit of x?
5
Let z be ((-3)/2)/(((-3)/10)/1). Suppose z*u + 5*x - 5 = 5, -4*u + x = -8. Suppose 400 = 5*y - 5*m, u*y - 3*m + 145 = 4*y. What is the units digit of y?
7
Suppose -3*k = 3*w - 6, -k = 4*w + w - 26. Suppose 3*y - w*u + 3*u = 1656, 4*y + 2*u = 2214. What is the tens digit of y?
5
Suppose 10*q - 34 = -4. Suppose 5*f + q*u = 1852 + 1043, 3*f - 5*u - 1703 = 0. What is the hundreds digit of f?
5
Let v be (6 - 7)*(-2 + 0)*2. Suppose -500 = -v*u - 4*k, 5*u - 291 = 2*k + 313. Let c = u - -23. What is the tens digit of c?
4
Let j = 277 - 272. Suppose -2*a = 4*z - j*a - 1589, 0 = 5*z + a - 2010. What is the units digit of z?
1
Let c be (-80)/35 + 10/35. Let u(r) = -83*r + 6. What is the hundreds digit of u(c)?
1
Suppose 3*t - 6 = 0, -3*q - t - t = -22. Let o be 34/14 + (-8)/(-14). Suppose m - q = 4*m, -3*m + 495 = o*n. What is the units digit of n?
7
Let t(s) = s**3 - 23*s**2 + 13*s + 276. What is the units digit of t(22)?
8
Let w = 1636 - 1057. Let r(h) = 5*h**3 - 67*h**2 - 8*h + 1. Let d be r(14). Suppose 8*n - w = d. What is the tens digit of n?
3
Suppose 0 = 2*v - 357 - 213. Let a be (-8)/(-18) + (-447)/189*-7. Suppose a*z = 14*z + v. What is the units digit of z?
5
Let i = 17 - 13. Suppose 24 = i*h + 8. Suppose 2*s = -2*y + 244, h*s - 5*y - 144 - 326 = 0. What is the units digit of s?
0
Suppose 8*z + 16*z - 13*z = 45353. What is the tens digit of z?
2
Suppose -4*h + 0*h + 28 = 0. Let q = 195 - 192. Suppose -h*z + 52 = -q*z. What is the tens digit of z?
1
Let p = -3613 - -2548. Let c = -648 - p. What is the tens digit of c?
1
Suppose 8*p = 6275 - 315. Let z = -585 + p. What is the tens digit of z?
6
Suppose 4*i - 2*c - 160 = 130, -80 = -i + 2*c. Suppose 4*h = 1018 + i. What is the tens digit of (h/(-14) - -4)/(6/(-28))?
7
Let l be (21 - 3482)*((-1 - -1) + -1). Suppose -7*g + 9041 = -l. What is the tens digit of g?
8
Suppose 294 = b + 246. What is the hundreds digit of (3576/10)/(b/120)?
8
Let h(x) = -7*x**3 - 4*x**2 - 12*x - 43. Let j be h(-7). Suppose -71 = -3*n - 2*l + 1275, 0 = -5*n - 2*l + j. What is the hundreds digit of n?
4
Suppose 3*v = -v - 5*i + 9460, -2*i = 0. What is the thousands digit of v?
2
Let z(r) = -r**3 + 4*r**2 + 9*r - 11. Let s be z(5). Suppose -5*p - 452 = -s*p. What is the units digit of p?
3
Suppose 2*v = 5*g - g - 8, 5*g - 1 = 4*v. What is the hundreds digit of (-7449)/(-21) + v/21?
3
Suppose -6*h + 83*h - 96096 = 0. What is the tens digit of h?
4
Let a(l) = -2*l**3 + 0*l**3 + 7*l**2 + 8 + 3*l**3 + 3*l. What is the tens digit of a(-4)?
4
Let c(p) = -2*p**2 + 20*p + 1. Let k(q) = -q**2 + 10*q. Let v(y) = 4*c(y) - 9*k(y). Let a be (-2 + -19 + 8)*-1. What is the units digit of v(a)?
3
Let q be (529/(-2))/((-20)/8 + 2). Suppose 4*i + 535 = -q. Let r = -186 - i. What is the units digit of r?
0
Let r(m) = -4*m**2 - 23*m - 4. Let w(j) = -8*j**2 - 45*j - 7. Let p(k) = 5*r(k) - 3*w(k). Let b be p(-5). What is the units digit of 1 - (255 + 4/b)*-1?
0
Suppose 3 - 22 = -w. Suppose -w*r - 15 = -24*r. Suppose -95 - 313 = -r*h. What is the units digit of h?
6
Let a(d) = -d + 5. Let j be a(9). Let o be j - (48/4)/(-3). Suppose o = 3*z + p - 137, p = 5*p + 4. What is the tens digit of z?
4
Suppose 0 = -l + 5*l - 4. What is the units digit of (270/36)/(3*l/234)?
5
Let z = -8232 - -21620. What is the tens digit of z?
8
Let u = 606 + -330. Suppose u = -2*m + 1638. What is the hundreds digit of m?
6
Let o = -738 - -893. What is the tens digit of o?
5
Suppose 20*r - 25*r - 3*l = -13520, r - 2731 = -6*l. What is the thousands digit of r?
2
Suppose 4*b = -20, 5*x - 20667 + 7357 = 5*b. Suppose 13*d - 4740 = x. What is the units digit of d?
9
Let v(f) = -f**2 - 5*f + 10. Let k be v(-6). Let w be -393 + 6*k/8 - -4. Let l = w + 552. What is the units digit of l?
6
What is the hundreds digit of ((-6694)/(-5))/((-32)/(-240))?
0
Let p = -853 - -47. Suppose -7*y = -2*y + 2675. Let x = y - p. What is the tens digit of x?
7
Suppose 2*k + 86 = 3*u + u, -k - 65 = -3*u. What is the tens digit of (-9)/(-3) + u - 3?
2
Let n(o) = 13*o**2 + 16*o + 42. Let s be n(-7). Suppose -2*f + 742 = -52. Let d = s - f. What is the units digit of d?
0
Let g(r) = -392*r**3 - 15*r**2 - 16*r - 3. Let x(m) = 196*m**3 + 8*m**2 + 9*m + 2. Let h(u) = 3*g(u) + 5*x(u). What is the hundreds digit of h(-1)?
1
Let h(s) = -s**3 - 7*s**2 - 8*s + 4. Let m be h(-5). Let v be -43*((-6)/(-10) - m/15). What is the units digit of (-3 + 4)*v*(-1 + 0)?
3
Suppose -k + 67102 = 18*z, 5*z = -5*k + 4*z + 336133. What is the hundreds digit of k?
2
Let t = -47317 - -82298. What is the units digit of t?
1
Let f(b) = -9*b + 48. Let s be f(4). What is the tens digit of 6/(-96)*4 - (-471)/s?
3
Suppose -130*u = -4*j - 125*u + 153760, -5*j + 192210 = -5*u. What is the hundreds digit of j?
4
Let x(h) = -84*h + 6. Let j be x(9). Let b = -507 - j. Let d = -138 + b. What is the hundreds digit of d?
1
Let m be -3 - (-72)/20 - (-2252)/5. Suppose -35*n = -24*n - m. What is the units digit of n?
1
Let q(m) = -2*m + 9 + 3*m - 21. Let i be q(16). Suppose -i*k - 5*v + 26 = -154, -66 = -k + 4*v. What is the units digit of k?
0
Let y(d) = -2*d + 11. Let w be y(6). What is the units digit of ((-367)/(-3)*-3)/w?
7
Let b(s) be the second derivative of s**5/20 + 2*s**4/3 + s**3 - 5*s**2/2 - 2*s. Let f be b(-7). Suppose 6*c - 252 = f*c. What is the units digit of c?
3
Let j be -106*(-1)/(-6)*-87. Suppose -17*z + j - 126 = 0. What is the tens digit of z?
8
Suppose 2*f = -2*g + 48224, -340*f + 96468 = -336*f - g. What is the hundreds digit of f?
1
Suppose 0 = -16*t - 21218 + 68994. Suppose -4*y + 3*h + t + 417 = 0, 4230 = 5*y + h. What is the hundreds digit of y?
8
Let q(t) = -4*t**3 + 6*t**2 + 8*t - 6. Let s(u) = -3*u**3 + 5*u**2 + 6*u - 5. Let r(y) = -2*q(y) + 3*s(y). What is the hundreds digit of r(-5)?
1
Let d(r) = -r + 12. Let b be d(11). Let a be (-1 + (-1 - -2))/b. Suppose i + 3*u = 24 + 52, a = 3*i + 3*u - 216. What is the tens digit of i?
7
Let x(j) = -83*j - 12. Suppose 4*a = 53*b - 50*b - 21, -5*b = 3*a + 23. What is the hundreds digit of x(a)?
4
Let l = -21275 + 31450. What is the tens digit of l?
7
Suppose 4*h - r = 2*r + 858, -4*h = -2*r - 860. Suppose 3*l + 5*g = -199, -2*l + 4 = -4*g + 188. Let m = l + h. What is the tens digit of m?
3
Let g(c) = -c**3 + 7*c**2 + 7*c + 9. Suppose -9*d - 35 = -107. Let y be g(d). Let m = 8 - y. What is the units digit of m?
7
Let y(q) = -5*q**3 + 44 + 2*q**3 - 97*q + 4*q**3 - 29*q**2. What is the tens digit of y(32)?
1
Suppose -5*m = -3*y - 354, m = -0*y - 2*y + 76. Let d be m/4*((-80)/3)/(-4). Suppose 2*i - 2*s = 164, 2*s = -4*i - d + 466. What is the units digit of i?
5
Let x(h) = -h**2 + 2*h + 4. Let m be x(2). Suppose 10 = 2*a, -m*y - 5*a - 96 = 15. Let s = -4 - y. What is the tens digit of s?
3
Let j be (12/4)/(-1 - (-717)/726). Let b = -128 - j. What is the units digit of b?
4
Suppose 4*i - 902 = f + 1450, -i + f + 588 = 0. Let m = -186 + i. What is the tens digit of m?
0
Suppose 0 = -20*u + 165*u - 3101985. What is the hundreds digit of u?
3
Let q(a) be the first derivative of 40*a + 